lculate the greatest common divisor of y and 11.
11
Let f = 79 - 180. Let h = -98 - f. What is the greatest common divisor of h and 5?
1
Let w(r) = 9*r - 10. Let f be w(15). What is the highest common factor of 3 and f?
1
Suppose 0 = 18*w - 70 - 110. Let k(l) = -l**3 + 8*l**2 - 8*l + 1. Let y be k(6). Calculate the greatest common divisor of y and w.
5
Let z(y) = 2*y**2 + y**2 - 1 - 5*y**3 - 2*y**2. Let v be z(-1). Let a(o) = -o**2 - 16*o - 29. Let g be a(-13). Calculate the highest common divisor of v and g.
5
Let x(c) = -64*c + 954. Let s be x(12). Calculate the greatest common divisor of 78 and s.
6
Suppose -5 - 3 = -4*o. Suppose 0 = k - 3*s - 5, -o*k + 29 = -k + 5*s. Calculate the highest common divisor of 2 and k.
2
Suppose 0 = -108*f + 112*f - 24. Let h = 68 + -44. What is the highest common factor of f and h?
6
Suppose 5*m = 2*q - 16 - 16, -26 = -q + 5*m. What is the highest common divisor of 75 and q?
3
Let m(r) = 8*r - 14. Let p be m(2). Suppose 3*j + 2*l - 371 = 0, -2*j + l + 230 = -p*l. Calculate the highest common divisor of j and 11.
11
Suppose 2*p - 3 = 5. Let b be (((-693)/4)/9)/((-1)/p). What is the greatest common divisor of 11 and b?
11
Let p be (-18)/(-8) + (-1)/4. Let f(g) = p + 21*g + 0 + 3 - 3. Let r be f(6). Calculate the greatest common divisor of r and 16.
16
Suppose 5*q - 17 - 73 = 0. Calculate the highest common factor of q and 36.
18
Suppose 779 + 313 = 26*p. Let f(u) = u**2 - 2*u - 2. Let w be f(4). What is the highest common divisor of p and w?
6
Let l(y) = y**2 - 10*y + 14. Let k be l(6). Let w = k - -66. What is the greatest common factor of w and 8?
8
Suppose -15*s + 11*s + 656 = 0. What is the greatest common divisor of s and 4?
4
Let m(k) = -7*k - 180. Let f be m(-27). Suppose 3*r = -3*u - 0*r + 108, u - r - 36 = 0. What is the highest common divisor of u and f?
9
Let y be 14/(-18) + 1 + 112/63. Suppose y*z = -4, 19 = g + 4*z - 0*z. Let i(o) = o**2 - o + 27. Let q be i(0). Calculate the greatest common factor of q and g.
27
Suppose m = -5*f + 34 - 4, -2*m = -5*f + 30. Let z be 9/(-7) + 1 - (-972)/21. Let d = z + -31. What is the highest common factor of f and d?
3
Suppose 226*a - 240*a + 420 = 0. Calculate the highest common factor of a and 80.
10
Let h = -55 - -79. Let l = 141 + -133. What is the highest common divisor of h and l?
8
Let z = 29 - 15. Let b = 1 + 1. Calculate the greatest common factor of z and b.
2
Let h(r) = -13*r - 30. Let j be h(7). Let y = -93 - j. Calculate the greatest common divisor of 42 and y.
14
Let n(j) = -9*j + 16. Let w be n(4). Let t = 16 + w. Let z = t - -52. Calculate the highest common factor of z and 6.
6
Let m(n) = -n**3 + 22*n + 26. Let c be m(5). What is the highest common factor of 110 and c?
11
Let m = -897 - -1132. Calculate the highest common divisor of 188 and m.
47
Let v = -189 + 200. Let q(u) = u**2 - 6*u - 5. Let y be q(7). Suppose 0*k = -y*k + 4, -12 = -2*s + 5*k. What is the highest common factor of s and v?
11
Let q(s) = -2*s**3 - 2*s**2 - 4*s - 3. Let a be q(-2). Let r be ((-21)/(-9) + -2)*339. Suppose 529 - r = 4*o. What is the greatest common factor of a and o?
13
Let t(c) = -34*c - 15. Let y be t(-15). What is the highest common divisor of 55 and y?
55
Suppose 7*l = 5*l. Suppose l = -6*x + 151 + 113. What is the greatest common factor of x and 4?
4
Let m = -123 - -333. Suppose m + 230 = 5*r. Calculate the greatest common divisor of 22 and r.
22
Let g(m) = m**3 + 13*m**2 - 16*m - 22. Let b be g(-14). Calculate the highest common factor of b and 18.
6
Let q = -26 - -22. Let k = 7 + q. Suppose o + 36 = k*o. What is the highest common divisor of o and 6?
6
Suppose -4 - 120 = -s. Let r be ((-3)/(-6))/(2/s). Calculate the highest common divisor of r and 31.
31
Let y = -272 + 482. Calculate the highest common factor of y and 28.
14
Let y = 74 - 26. Let a be (-66)/231 + (-10)/14 + 4. Suppose -i - a*i = -y. Calculate the highest common factor of 3 and i.
3
Suppose 5*v + 14 = 94. Let d be (-16)/5*(-6 - -11). Let y be 4/d - 51/(-12). What is the greatest common factor of v and y?
4
Suppose -558 = -8*g - 23*g. What is the greatest common divisor of 162 and g?
18
Let p = -710 - -756. Calculate the highest common factor of 69 and p.
23
Let b(x) = 27*x - 504. Let t be b(21). Calculate the highest common divisor of 147 and t.
21
Let b = 605 - 457. What is the greatest common factor of b and 407?
37
Let h(b) = -17*b - 3 - 1 - 4 + 2. Let p be h(-1). Suppose -3*f - 4*t + 75 = 1, 2*f + 3*t = 50. Calculate the highest common divisor of p and f.
11
Suppose 5*i - 2 = -5*a + 3, -a = -i - 9. Suppose -a*q = v - 16, -3*q + 0*v = 5*v - 14. Let r be 23 + (6/q)/2. What is the highest common factor of 60 and r?
12
Let h be ((-15)/((-30)/(-4)))/(1/(-1)). Calculate the highest common divisor of h and 98.
2
Let r = 1597 + -1548. What is the greatest common divisor of r and 140?
7
Let r be 495 - ((6 - 9 - 2) + 0). What is the highest common divisor of 175 and r?
25
Suppose -479 = -4*s + i - 2*i, -5*i = 5. Suppose 2*k - 48 = s. Suppose z + 1 = 3, 28 = 3*r - 4*z. What is the highest common factor of r and k?
12
Let j(y) = 19*y + 97. Let i be j(7). Calculate the greatest common divisor of 46 and i.
46
Let g(r) = r**3 + r**2 + r + 3. Let p be g(0). Suppose p*i - 2*c - 27 = 0, -2*c = 2*c. Calculate the highest common divisor of 72 and i.
9
Let q be (-130)/(-18) - 22/99. Let a = q + -4. Suppose -38 = -a*p - 5*x, -4*p - 4*x = -39 - 17. What is the greatest common factor of p and 176?
16
Let p(a) = -a**3 - 13*a**2 + 10*a + 30. Let c be p(-14). Calculate the greatest common factor of 301 and c.
43
Suppose -5*j + 222 = 47. Suppose 5*x = 3*s + 89, 38*s - 6 = 35*s. Suppose d - x = j. What is the highest common factor of d and 18?
18
Let l be ((-52)/65)/((-8)/160). Let g = 4 - 2. Suppose 16 = -g*m + 96. Calculate the greatest common factor of m and l.
8
Let m be 573/21 + (-2)/7. Let l be 277/9 - (-6)/m. Calculate the greatest common factor of 93 and l.
31
Let k = -115 - -141. Calculate the highest common divisor of 234 and k.
26
Suppose 6 + 18 = -4*h. Let k be ((-110)/(-3))/(h/(-18)). Suppose 5*m + 0*i - 47 = -3*i, 4*m = 3*i + 43. Calculate the greatest common factor of k and m.
10
Let g be (-204)/(((-11)/(-33))/(-1)). What is the greatest common factor of 272 and g?
68
Suppose -2*j - 55 = -5*b, -j - 11 = -3*b + 2*b. Suppose -4 = -5*f + 1. Let y = b + f. Calculate the greatest common factor of y and 84.
12
Let w = 1597 + -1595. What is the greatest common factor of w and 118?
2
Let q(s) = s**3 + 12*s**2 + 17*s + 22. Let p be q(-10). Calculate the highest common divisor of 2496 and p.
52
Let x be -1*(1 - -2 - 1). Let l(k) = 3*k - 10 - 8 - 10*k**3 + 20 + k**2. Let w be l(x). Calculate the highest common factor of w and 10.
10
Suppose 5*y + 103 = 708. Let s = y - 33. What is the highest common divisor of 8 and s?
8
Let o be (2 - (10 + 2))/(-1). Let g = 1384 - 1349. Calculate the highest common factor of g and o.
5
Let b(d) = d**2 + 6*d - 14. Let l be b(-8). Suppose 0 = l*w - 6, 3*w = 3*y - w - 150. Calculate the highest common divisor of y and 36.
18
Let w be (48/40)/(3/620). What is the highest common factor of w and 8?
8
Let n be 11*319/121 - 10. Suppose 4*w = -3*h + 8*w - 17, -3*w = -2*h - 13. Calculate the highest common divisor of h and n.
1
Suppose 0 = 4*g - 16 + 56. Let q = 134 - g. Calculate the greatest common factor of 16 and q.
16
Suppose -4*x + 334 = 2*f, -x + f - 3*f + 82 = 0. Suppose 6*w + 14 = 7*w. Calculate the highest common divisor of x and w.
14
Suppose 7*w = -19*w + 2704. Calculate the highest common factor of 572 and w.
52
Suppose -8*w - 849 = -929. Calculate the highest common divisor of w and 16.
2
Let r(m) = -m**3 - 3*m. Let t be r(3). Let o be (-8)/t - 7/(-9). Let c be (-13 + o)*(-25)/5. What is the highest common divisor of c and 12?
12
Let z(k) = 2*k**2 + 10*k + 9. Let m be z(-6). Let o = 1314 + -756. Suppose 2*w - o + 222 = 0. What is the highest common divisor of m and w?
21
Let l(v) = -v**3 - 7*v**2 - 10*v - 21. Let p be l(-9). Suppose 50 = 2*q + 2*a, 2*a + 2*a = -q + 37. What is the highest common factor of p and q?
21
Let w = -10 + 22. Let a = 56 - 171. Let d = -31 - a. What is the highest common divisor of w and d?
12
Let f(m) = m**2 - m + 55. Let j be f(0). Suppose -2*